2207?
291
What is the highest common divisor of 1051470 and 630?
630
Calculate the highest common factor of 220 and 173492.
44
Calculate the highest common divisor of 7730112 and 38.
38
Calculate the highest common divisor of 41 and 79253.
41
Calculate the greatest common divisor of 5760 and 110970.
90
What is the greatest common divisor of 6705 and 207?
9
Calculate the highest common divisor of 1534209 and 895.
179
Calculate the highest common divisor of 159368 and 352.
88
What is the highest common factor of 7372 and 5141?
97
What is the highest common divisor of 7842420 and 60?
60
Calculate the greatest common divisor of 171 and 20197.
19
What is the greatest common divisor of 11956 and 1764?
196
What is the greatest common factor of 36 and 5028?
12
What is the greatest common divisor of 452 and 332?
4
What is the highest common divisor of 12212 and 2?
2
Calculate the greatest common divisor of 132 and 31548.
132
What is the greatest common factor of 8 and 279368?
8
Calculate the greatest common divisor of 12 and 12345636.
12
Calculate the highest common factor of 1256 and 1040.
8
Calculate the highest common divisor of 6675 and 844165.
445
Calculate the greatest common divisor of 1159 and 91927.
61
What is the greatest common divisor of 85 and 3247?
17
What is the highest common factor of 4500 and 171500?
500
What is the highest common factor of 2830 and 2390?
10
What is the greatest common factor of 531 and 3245?
59
What is the greatest common divisor of 777469 and 44275?
1771
Calculate the greatest common divisor of 34503 and 182931.
651
What is the highest common factor of 376928 and 8?
8
Calculate the greatest common factor of 2189 and 803.
11
What is the greatest common factor of 4988 and 48289?
43
Calculate the highest common divisor of 1113 and 149407.
53
Calculate the greatest common factor of 34 and 271592.
34
Calculate the highest common divisor of 4 and 4794.
2
Calculate the greatest common factor of 2254 and 2691.
23
What is the highest common divisor of 182 and 16226?
14
What is the greatest common divisor of 6026 and 851?
23
What is the greatest common factor of 2635 and 2325?
155
What is the highest common divisor of 163161 and 4671?
27
What is the highest common divisor of 53280 and 3256?
296
What is the highest common factor of 31 and 1538158?
31
What is the greatest common divisor of 1061285 and 82?
41
Calculate the greatest common factor of 32337 and 9.
9
Calculate the greatest common divisor of 172 and 4300.
172
Calculate the greatest common divisor of 74700 and 180.
180
What is the highest common factor of 66 and 809655?
33
What is the highest common factor of 4795 and 605129?
959
What is the greatest common divisor of 1272 and 2940?
12
Calculate the greatest common divisor of 5421 and 169.
13
Calculate the highest common factor of 1085 and 18935.
35
What is the highest common factor of 2965 and 25?
5
Calculate the greatest common factor of 32230 and 2750.
110
What is the greatest common divisor of 56 and 22204?
28
Calculate the greatest common factor of 665 and 3955.
35
Calculate the greatest common divisor of 224800 and 250.
50
What is the greatest common divisor of 427 and 179279?
61
What is the highest common divisor of 213810 and 160?
10
Calculate the highest common factor of 5409 and 142437.
1803
What is the greatest common factor of 130624 and 1248?
416
Calculate the highest common factor of 540774 and 2106.
234
Calculate the highest common divisor of 900 and 61920.
180
What is the highest common divisor of 175858 and 230?
46
Calculate the highest common divisor of 2145 and 43485.
195
What is the greatest common divisor of 19625 and 137689?
157
What is the highest common factor of 286516 and 1660?
332
What is the highest common factor of 616518 and 945?
189
Calculate the highest common divisor of 343266 and 28.
14
What is the highest common factor of 1302 and 1296?
6
Calculate the highest common factor of 220282 and 498.
166
Calculate the greatest common factor of 88407 and 1197.
171
What is the highest common factor of 2432 and 247?
19
What is the highest common divisor of 78568 and 30268?
644
Calculate the highest common divisor of 588 and 777.
21
Calculate the highest common factor of 110810 and 2170.
70
Calculate the greatest common factor of 4079836 and 116.
116
What is the highest common divisor of 74 and 28?
2
What is the highest common factor of 7670 and 5330?
130
Calculate the highest common factor of 146248 and 24.
8
What is the highest common factor of 676 and 5564?
52
What is the highest common divisor of 2318 and 17404?
38
What is the highest common factor of 6433 and 42?
7
Calculate the highest common divisor of 14 and 4844.
14
What is the highest common divisor of 26188 and 4?
4
What is the highest common factor of 2290 and 245?
5
What is the greatest common divisor of 82 and 63673?
41
Calculate the greatest common divisor of 272 and 483888.
272
Calculate the highest common factor of 4977 and 24648.
237
What is the highest common divisor of 10 and 49105?
5
What is the highest common divisor of 95 and 2707?
1
Calculate the greatest common factor of 2604 and 36148.
28
Calculate the greatest common divisor of 672 and 1224.
24
What is the greatest common divisor of 331 and 9599?
331
Calculate the greatest common factor of 637329 and 7832.
979
Calculate the highest common factor of 252723 and 1647.
183
Calculate the greatest common divisor of 2908 and 4276.
4
What is the highest common divisor of 45122 and 1001?
77
Calculate the greatest common divisor of 56430 and 264.
66
What is the greatest common factor of 397264 and 224?
112
Calculate the highest common factor of 76823 and 5593.
17
What is the greatest common factor of 1028065 and 5080?
635
Calculate the highest common factor of 5593848 and 234.
78
What is the greatest common factor of 10010 and 99385?
715
Calculate the highest common divisor of 12 and 23445.
3
What is the greatest common divisor of 280329 and 147?
147
What is the highest common divisor of 4316605 and 185?
185
What is the greatest common factor of 1917756 and 36?
36
What is the greatest common divisor of 85856 and 288?
32
What is the highest common divisor of 118 and 57053?
59
What is the highest common divisor of 283 and 419689?
283
What is the greatest common divisor of 68299 and 25333?
77
What is the highest common divisor of 866264 and 224?
56
Calculate the highest common divisor of 412575 and 275.
25
Calculate the highest common factor of 5427 and 48977.
67
What is the highest common divisor of 180 and 8260?
20
What is the greatest common factor of 2554 and 112?
2
Calculate the highest common divisor of 146135 and 55.
55
Calculate the greatest common factor of 1443 and 111666.
111
Calculate the greatest common divisor of 58 and 147059.
29
What is the greatest common divisor of 15799 and 7686?
427
Calculate the highest common divisor of 6 and 46632.
6
Calculate the highest common divisor of 1342627 and 1287.
143
Calculate the highest common divisor of 48 and 10352.
16
What is the highest common factor of 5148 and 1357785?
1287
What is the highest common divisor of 272864 and 32?
32
What is the highest common factor of 3455 and 339281?
691
What is the greatest common factor of 943 and 194258?
943
What is the greatest common factor of 9847 and 3139?
43
What is the highest common divisor of 609 and 1659?
21
What is the highest common factor of 153 and 60537?
51
Calculate the highest common divisor of 272662 and 52.
26
Calculate the greatest common factor of 1836 and 8194.
34
Calculate the greatest common factor of 2275 and 595.
35
Calculate the greatest common divisor of 33 and 230289.
3
Calculate the highest common divisor of 10535 and 70.
35
Calculate the highest common factor of 1445 and 10710.
85
Calculate the highest common divisor of 219 and 2416811.
73
What is the greatest common divisor of 122864 and 224?
112
Calculate the highest common factor of 627 and 2271621.
627
Calculate the highest common divisor of 776 and 15423.
97
What is the highest common divisor of 256561 and 5?
1
Calculate the greatest common divisor of 3970 and 415.
5
Calculate the highest common factor of 1716 and 79404.
156
What is the greatest common divisor of 121756 and 4491?
499
What is the high